visor of 2598435 and 1295.
35
What is the highest common divisor of 118270 and 43370?
10
What is the highest common divisor of 390 and 65852592?
78
What is the highest common divisor of 679223050 and 2200?
550
What is the highest common factor of 268444648 and 696?
232
What is the highest common factor of 226 and 1509?
1
What is the highest common factor of 38690 and 1390190?
530
Calculate the greatest common factor of 117 and 101496447.
117
What is the highest common factor of 22419 and 3348045?
423
What is the highest common factor of 111 and 20719667?
37
Calculate the greatest common divisor of 115840 and 72581.
181
Calculate the greatest common divisor of 9440 and 5560.
40
Calculate the highest common factor of 21419987 and 566.
283
What is the greatest common factor of 5246262 and 1974?
42
Calculate the highest common divisor of 53 and 7847869.
53
What is the greatest common divisor of 475936 and 2105760?
3424
Calculate the highest common divisor of 54705 and 2289315.
105
Calculate the highest common divisor of 25 and 19588400.
25
Calculate the highest common factor of 19947 and 26539647.
327
What is the highest common factor of 610 and 50465?
5
What is the highest common divisor of 98 and 13088341?
49
What is the greatest common divisor of 217 and 9392411?
217
Calculate the highest common divisor of 528 and 44244272.
16
What is the greatest common divisor of 27 and 17955198?
9
Calculate the highest common divisor of 30502896 and 4624.
272
What is the highest common divisor of 1796203 and 44156?
1577
What is the highest common divisor of 5315309 and 925?
37
Calculate the greatest common factor of 605 and 25094795.
605
What is the highest common factor of 216691566 and 286?
26
What is the highest common factor of 418782 and 527618?
2366
Calculate the highest common factor of 795 and 23682255.
795
Calculate the greatest common factor of 4650 and 333810.
30
What is the highest common divisor of 1053165 and 14640?
915
What is the highest common divisor of 53 and 2059062773?
53
Calculate the greatest common factor of 464764930 and 410.
410
Calculate the greatest common divisor of 74445 and 656460.
105
Calculate the greatest common factor of 154 and 1127826.
14
What is the highest common divisor of 4160 and 1013248?
64
What is the highest common factor of 159 and 38527184?
53
What is the highest common divisor of 712300 and 8200?
100
Calculate the greatest common factor of 34126985 and 5.
5
Calculate the greatest common divisor of 1984 and 67958944.
992
Calculate the highest common factor of 340 and 47469865.
85
Calculate the greatest common divisor of 784086024 and 48.
24
Calculate the greatest common divisor of 11157523 and 5018.
2509
What is the highest common divisor of 20278065 and 23?
23
What is the highest common divisor of 16 and 1244845456?
16
Calculate the greatest common factor of 17296 and 1875112.
376
What is the highest common divisor of 8750 and 126?
14
What is the highest common divisor of 13396 and 13444068?
788
Calculate the highest common factor of 102 and 3906634.
34
What is the highest common factor of 10554943 and 1666?
833
What is the greatest common factor of 2820 and 8359608?
564
What is the greatest common factor of 1801627 and 416609?
2759
What is the highest common divisor of 806 and 6851806?
806
What is the greatest common factor of 773290 and 22190?
70
What is the highest common factor of 7635 and 34298965?
2545
What is the highest common factor of 4309 and 335761?
31
Calculate the highest common divisor of 11660 and 1173920.
220
What is the greatest common factor of 6574882 and 6?
2
What is the greatest common factor of 78944 and 26848?
32
What is the greatest common divisor of 410 and 46208170?
10
What is the highest common factor of 1298 and 230186?
22
What is the greatest common factor of 9 and 6772401?
9
Calculate the highest common divisor of 432602070 and 2595.
2595
What is the greatest common divisor of 3984306 and 194862?
4146
What is the greatest common divisor of 2382366 and 28?
14
Calculate the highest common factor of 101736696 and 2096.
1048
What is the greatest common factor of 2584736 and 2408?
56
Calculate the greatest common divisor of 192 and 631528.
8
Calculate the highest common factor of 1144 and 173433.
13
Calculate the highest common divisor of 50 and 110540.
10
What is the highest common divisor of 1116 and 9843337?
31
Calculate the highest common divisor of 42 and 23046162.
6
Calculate the greatest common divisor of 54 and 19278738.
18
What is the greatest common divisor of 9621540 and 108?
36
Calculate the greatest common factor of 5127258 and 1865.
373
What is the greatest common divisor of 18750564 and 3?
3
What is the highest common divisor of 9 and 133171?
1
Calculate the highest common factor of 45090063 and 2344.
293
What is the greatest common divisor of 2130 and 54825135?
1065
Calculate the greatest common factor of 520 and 38396540.
260
What is the highest common divisor of 4402370 and 83265?
2135
Calculate the highest common divisor of 816762 and 25567.
691
What is the greatest common divisor of 176 and 25145362?
22
What is the greatest common factor of 7 and 9392873?
7
What is the highest common factor of 7761589 and 308?
11
What is the highest common factor of 3027 and 1297?
1
What is the highest common divisor of 32532 and 239053269?
8133
Calculate the highest common divisor of 369644984 and 5448.
1816
Calculate the greatest common divisor of 1520 and 219988840.
760
Calculate the highest common factor of 66 and 3075246.
6
What is the highest common divisor of 19917 and 35547419?
2213
What is the greatest common divisor of 817480 and 515740?
2140
What is the greatest common divisor of 166820 and 1310?
10
Calculate the greatest common factor of 212917368 and 108.
12
What is the highest common factor of 567 and 215217?
81
What is the greatest common factor of 844354 and 8845123?
10297
Calculate the greatest common factor of 532255824 and 18.
18
What is the highest common factor of 66 and 887524?
22
Calculate the greatest common factor of 960 and 525766464.
192
Calculate the greatest common divisor of 496811 and 1568.
49
Calculate the greatest common factor of 17274887 and 22085.
4417
What is the highest common divisor of 590 and 270634298?
118
What is the greatest common divisor of 935 and 31306?
11
What is the greatest common divisor of 9259453 and 28784?
1799
What is the highest common divisor of 224078 and 7268917?
619
Calculate the greatest common factor of 21 and 270448367.
7
Calculate the highest common divisor of 32677094 and 986.
34
Calculate the greatest common divisor of 9564 and 386196.
12
Calculate the highest common factor of 255 and 709663385.
85
What is the highest common factor of 2713636 and 12?
4
Calculate the greatest common factor of 23059047 and 10835.
2167
What is the greatest common factor of 2016 and 474?
6
What is the greatest common divisor of 3860 and 56600?
20
Calculate the greatest common factor of 4864 and 746.
2
What is the highest common divisor of 2856043 and 22544?
1409
What is the greatest common factor of 23573718 and 29526?
798
Calculate the greatest common divisor of 14060778 and 10.
2
What is the highest common factor of 185588661 and 186?
93
Calculate the greatest common divisor of 6650 and 361900.
350
Calculate the greatest common factor of 72569068 and 293.
293
What is the highest common divisor of 200 and 2339410?
10
Calculate the greatest common divisor of 5940 and 79735260.
660
What is the highest common factor of 13245576 and 986?
58
What is the greatest common divisor of 12992 and 1283072?
448
What is the highest common factor of 22528 and 16956?
4
What is the greatest common factor of 971946 and 6642?
2214
What is the greatest common divisor of 21709 and 2797907?
1277
What is the greatest common divisor of 111 and 3422745717?
111
Calculate the greatest common divisor of 375137 and 301.
7
What is the greatest common divisor of 77 and 75781041?
7
Calculate the highest common factor of 45493429 and 38.
19
What is the highest common divisor of 4070 and 38666870?
110
What is the greatest common divisor of 9207 and 173282436?
837
What is the greatest common factor of 3924 and 1523628?
36
Calculate the greatest common factor of 12407